 d. Let o be y(-2). Calculate p(o).
9
Let t(h) be the second derivative of 1/3*h**3 + 6*h + 0 - 3/2*h**2. Let i be 24/14 - (-2)/7. Determine t(i).
1
Let c = 4 - -1. Suppose -c*v = -v. Let y(m) = -m - 4. Determine y(v).
-4
Let x(r) = -r + 1. Let z(n) = n - 1. Let j be (-5)/(45/(-21))*3. Let m(t) = j*x(t) + 6*z(t). What is m(4)?
-3
Let l(c) = c**2 + 4*c - 7. Let z(p) = 1. Let v(u) = l(u) + 6*z(u). Give v(-6).
11
Let y(q) = -q**3 - 2*q**2 + 3*q + 2. Suppose 6*t + 3 = -15. What is y(t)?
2
Let b(a) = 3*a + 2. Let l(y) = y**2 - 2*y - 27. Let t be l(6). What is b(t)?
-7
Let j(a) = -a - 9. Let k(u) = u + 10. Let z(f) = 6*j(f) + 5*k(f). Let s(y) = y + 4. Let w(o) = -4*s(o) - 3*z(o). Give w(-3).
-1
Let l(s) be the third derivative of -2/3*s**3 + 0*s - 1/60*s**5 + 1/24*s**4 + 0 - 3*s**2. What is l(0)?
-4
Let k be 25/(-10)*((-72)/(-15))/(-4). Let f(j) be the first derivative of -j**4/4 + 4*j**3/3 - 3*j**2/2 - 3*j + 2. Give f(k).
-3
Let d(j) = -j**2 - 9*j - 10. Let n be d(-7). Suppose -3*x + y + 1 = 0, 3*y + 4 = -y. Suppose x = -5*k + n - 29. Let s(f) = -f + 1. What is s(k)?
6
Let d(q) = 2*q + 7. Let w(o) = o + 7. Let i = 13 + -9. Let m(x) = i*w(x) - 3*d(x). What is m(5)?
-3
Let h(f) = f**2 - 9*f + 13. Let b be h(6). Let m(u) = u**2 + 8*u + 5. Determine m(b).
-10
Let t(c) be the second derivative of c**7/280 + c**6/360 - c**4/24 - c**3/6 - 6*c. Let n(a) be the second derivative of t(a). Calculate n(-1).
-3
Suppose 2*x - 6 = -5*d, 5*d + 3*x - 6 = 3. Suppose 7 = 5*a + 2*s - 6, d = 4*a - 5*s + 16. Let l(f) = f - 1 - 4*f - 4*f. What is l(a)?
-8
Let p(z) = -1 - 1160*z**2 - 2*z + 3*z**3 - 5*z**3 + 1164*z**2. Give p(2).
-5
Let p(g) = g + 2. Let b be (2/6)/((-5)/15). Let i be (3 + -2 - 1)/b. Let v = -4 + i. Give p(v).
-2
Let k(w) = -w**2 - 6*w + 4 + 5 - 9 - 2. Suppose p - 2*s = -4*p - 28, 8 = 2*s. What is k(p)?
6
Let z = -123 + 122. Let o(l) = 4*l**3 - l + l**3 + l**3 - l**2. What is o(z)?
-6
Let z be 6/(-8) - 6/(-96)*-4. Let g(u) = -13*u**3 - 1. Give g(z).
12
Let b(o) = 7*o**3 + 7*o**2 - 11*o + 4. Let z(v) = 4*v**3 + 4*v**2 - 6*v + 2. Let j(p) = 3*b(p) - 5*z(p). Calculate j(2).
8
Let s(t) = t**3 + 3*t**2 - 5. Let x = 154 + -158. Determine s(x).
-21
Let k(o) = -o + 4. Let j(u) = -u - 19. Let f be j(-10). Let s = 9 + f. Let x = -4 + s. Calculate k(x).
8
Let a(q) be the third derivative of q**4/12 - 2*q**3/3 + 2*q**2. Suppose 155*i - 20 = 159*i. Give a(i).
-14
Let j(a) be the first derivative of a**4/4 - 5*a**3/3 - 5*a**2/2 + a - 105. Let p = 14 - 8. What is j(p)?
7
Suppose z = -2*z + 6. Let b(w) = -2*w**2 - 3*w + 3. Determine b(z).
-11
Suppose 4*i = -0*i - 12. Let k(v) = 2*v**2 + 2*v - 1. Let w be k(-2). Let y(z) = 3*z**3 - 2*z**3 + w*z**2 + z + 1 + 2. Give y(i).
0
Let v = 17 + -15. Suppose 6*c = -8 + v. Let d(j) = 2*j - 4*j - 2*j. Give d(c).
4
Let y(j) = -30*j + 0 + 32*j - 6 - 4 + 6. Let k = 4 + 1. What is y(k)?
6
Let r(y) = -2*y + 8. Let i(d) = -d + 4. Let f(q) = -9*i(q) + 4*r(q). Let l be (3 + -14 - -3) + 12 + -9. Determine f(l).
-9
Suppose 5*t + 3*m = 25, -t - 4*m + 12 = -2*m. Suppose t*c - c = 0. Let u(p) be the second derivative of p**5/20 + p**4/12 - p**3/6 + 7*p**2/2 + p. Give u(c).
7
Suppose 0*z - 18 = -3*z. Let v(l) = l**2 - 8*l + 7. Let m be v(z). Let q(r) = r**2 + 3*r - 5. Calculate q(m).
5
Let n = -4 + 8. Let f(l) be the second derivative of -l**3/3 + 2*l**2 - 7*l. Give f(n).
-4
Let q(u) = -u**2 - 3*u + 5. Let c = 31 - 20. Let k = c - 16. Determine q(k).
-5
Let f(o) = -2*o + 4. Let p(v) = 3*v**2 + v. Let u be p(1). Suppose 7 + 1 = u*z. Suppose 6 = 2*l - z. Calculate f(l).
-4
Let h(q) be the second derivative of q**4/12 + q**3 - 7*q**2/2 + 9*q. What is h(-5)?
-12
Let g(o) = o - 3. Let s be g(0). Let q = -17 - -20. Let j(t) = -1 + 2*t**2 + t**3 - 32*t + 36*t + q*t**2. Calculate j(s).
5
Let b(c) = -c**3 - 6*c**2 - 6*c + 6. Suppose -6 = -4*u - 3*h, 0 = 3*u + 2*h - 6*h + 8. Suppose u = -g + 3*g + 10. What is b(g)?
11
Let l(o) be the third derivative of o**6/720 + o**5/120 - o**4/24 + o**2. Let s(y) be the second derivative of l(y). Suppose 109*v = 114*v + 25. Determine s(v).
-4
Let g be ((-5)/(-2))/((-9)/(-18)). Let n(d) be the second derivative of d + 3/2*d**2 + 1/12*d**4 + 0 - 1/3*d**3 - 1/20*d**g. Determine n(2).
-5
Let g(a) = -9*a**3 - a - 1. Suppose -4*h - 4 = -0*h. Give g(h).
9
Suppose -5*h - 4 + 15 = -x, -h - 4*x = 2. Let q(g) = -g + g**h - g + g**3 + g**2. Suppose -2*i - 3*i + 3*w - 16 = 0, 14 = -3*i + 4*w. Determine q(i).
4
Let p(u) be the second derivative of u**3/3 - 6*u**2 + 46*u. What is p(8)?
4
Let t(y) = y**2 + 6*y + 1. Let b(x) = -4*x**2 - 4*x + 2. Let u be b(-2). Give t(u).
1
Let q(h) = -5*h + 4. Let l(j) = 4*j + 46. Let i be l(-13). Give q(i).
34
Let q(o) = o + 8. Let v be q(-8). Let f(u) = -u - 10. Determine f(v).
-10
Let f(s) = -s**2 - s - 2. Suppose -2 = 5*j + 2*d, 0 = -4*j - d + 4 - 8. Calculate f(j).
-4
Let m(s) be the second derivative of -s**7/840 + s**6/90 + s**5/20 - 5*s**4/24 + s**3/6 + 3*s. Let l(i) be the second derivative of m(i). Calculate l(5).
0
Let v(o) be the second derivative of 1/12*o**4 - o - o**2 + 0 - 5/6*o**3. Let n be v(5). Let a(h) = -h**2 - 2*h. Calculate a(n).
0
Let d(q) = -2*q + 0*q - 5*q. Determine d(-1).
7
Let x(m) = -1 - 4 + m - 1. Let h(z) = -5*z + 3*z + z. Let n(j) = h(j) - x(j). What is n(5)?
-4
Let y(m) = -m + 2 + 5*m + m**3 + 2*m**2 + 3*m**2. Let k = -5 - -9. Suppose -o - k = -w, 5*w + 7 + 13 = -5*o. What is y(o)?
2
Let t(b) = b**3 + 3*b**2 + b. Suppose -42 = 5*k - 8*k. Suppose k = x - 4*a + 31, -2*x + 2 = a. Give t(x).
1
Let y be 8/68 - 100/(-17). Let u(n) = -n**2 + 7*n - 3. Determine u(y).
3
Let m be (4 + -3 + 5)/(2*1). Let d(j) = j**2 - j + 2. What is d(m)?
8
Let w(t) = -4*t + 3. Let u(v) = 9*v - 5. Let a(y) = -2*u(y) - 5*w(y). Calculate a(-6).
-17
Suppose 64 - 37 = -3*v. Let x(o) = -o**3 - 9*o**2 + o - 11. Give x(v).
-20
Let q(a) be the third derivative of a**8/6720 - a**7/1260 + a**6/240 - a**5/40 - a**4/24 + 3*a**2. Let z(i) be the second derivative of q(i). Determine z(2).
3
Let m(s) = s**2 - s - 12. Let t be m(4). Let i(r) = r**3 + r**2 - r - 1. What is i(t)?
-1
Suppose -m - 12 = -3*m. Suppose 2*w = 2*v - m, 4*w + 12 = -v + 6*v. Let t(q) = 3*q + 3. Determine t(w).
-6
Let u be 1*-2 + 6 + -1. Suppose -12 = -u*f - 3. Let g = -5 + f. Let p(o) = -5*o - 2. What is p(g)?
8
Suppose -5*c + c - 2*y + 10 = 0, 3*c - 3*y + 15 = 0. Let i(x) = 2*x - 4 + c*x**2 - 5*x + 0 + 2*x**2. Determine i(3).
5
Let s(d) be the second derivative of d**3/6 + d**2 + 3*d. Determine s(-5).
-3
Let r = 101 - 99. Let q(o) be the third derivative of o**6/60 - o**5/20 + o**4/8 - o**3/2 - 2*o**2. Give q(r).
7
Let z be (28 - 27)/(-1 - -2). Let a = 0 - -2. Let l(s) = -s + a - 2. Determine l(z).
-1
Let y(v) = v**3 - 15*v**2 + 18. Let m be y(15). Let b be -2*(-3)/m*15. Let j(u) be the first derivative of u**2/2 - 5*u + 1. What is j(b)?
0
Let r(i) = 4*i. Let m be ((-25)/10)/5*(-7 + 1). Give r(m).
12
Let h(l) = -l + 9. Let b(g) = -4. Let o(p) = -9*b(p) - 4*h(p). Let u = -1 + 2. Give o(u).
4
Let w(q) = q**3 - q**2 + 9. Let x = -34 + 34. What is w(x)?
9
Let x(u) be the third derivative of u**4/12 + u**3/2 - 5*u**2 - 5. What is x(-7)?
-11
Suppose 11 = -2*b + y, y + 9 = 2*b + 4*y. Let p = -4 - b. Let q(n) = -3*n. Calculate q(p).
3
Suppose 63 = -3*w - 4*w. Let t = -15 - w. Let s(x) = -x**2 - 6*x - 9. Determine s(t).
-9
Let l(v) = 4*v + 2 - 3*v + 4. Let i be 2*6/4 - 8. Give l(i).
1
Let u(k) = -3*k - 5. Let a(q) = -q - 1. Let g(v) = 6*a(v) - u(v). Suppose 3*z - 5 = 31. Suppose z - 4 = -4*w. What is g(w)?
5
Let u(z) = -2*z**3 + z - 1. Let c = 5 + -1. Suppose -c*r + 4 = -d + 3*d, -35 = -5*r + 5*d. Let v be ((-2)/r)/((-4)/6). Determine u(v).
-2
Let q(p) be the first derivative of -p**6/180 - p**5/20 - p**3/3 - 5. Let y(u) be the third derivative of q(u). Calculate y(-4).
-8
Let g(c) = c**3 + 2*c**2 - 2*c. Let v(u) = 2*u - 7. Let z be v(8). Suppose -7*j + z*j + 6 = 0. What is g(j)?
-3
Suppose -3*q + 3*b + 7 = 8*b, -4*q - 3*b = -13. Let k(u) = -2*u. Give k(q).
-8
Let u(i) = -i**2 - 5*i + 3. Suppose -h = -3 - 2. Suppose 15 - h = -2*n. Give u(n).
3
Let l(h) be the third derivative of h**5/60 - h**4/4 - h**3 - 17*h**2. Calculate l(7).
1
Let u(w) = -w**2 + 2*w. Let l(x) = 7*x - 40. Let q be l(6). Calculate u(q).
0
Let r(p) = p - 2. Let t be (-32)/(-6)